-z - 2*a, 5*z - a - 65 = 0. What is the remainder when l/8*(-8)/10 is divided by z?
11
Let k(m) = -m**2 - 16*m - 6. Suppose 2*n + 10 = 0, 3*b - 3*n + 0*n = -24. Let a be k(b). What is the remainder when 21 is divided by ((-6)/(-18))/(1/a)?
10
Suppose -45 = -2*y + 5. What is the remainder when 90 is divided by y?
15
Let l = -746 - -751. Calculate the remainder when 143 is divided by l.
3
Suppose -p + 22 = -5*v, 6 = 2*p + 3*v + 1. What is the remainder when p is divided by 6/2*8/6?
3
Let l = -7 + 11. Suppose -3*a - 238 = -l*n, 2*a - 27 = 2*n - 147. Suppose 5*m - 37 = n. What is the remainder when m is divided by 7?
5
Suppose -14 = 4*a + 5*f, -5*a + 2*f - 5 = -4. What is the remainder when 107 is divided by (-22*a/5)/((-31)/(-155))?
19
Suppose 2*k = 36 + 16. What is the remainder when (-7*(-24)/420)/(3 + (-3665)/1225) is divided by k?
23
Let s = 16 - -9. Let k = -57 + 94. Let b = k - s. Calculate the remainder when 47 is divided by b.
11
Let y(r) = 21*r - 6. Let a(l) = -4*l + 1. Let f(q) = 22*a(q) + 4*y(q). What is the remainder when f(-4) is divided by 9?
5
Suppose 72*l + 75*l - 26 = 146*l. Suppose -7 - 3 = -2*z. Let a(t) = 15*t + 2. Calculate the remainder when a(z) is divided by l.
25
Let i = 167 + -120. What is the remainder when i is divided by (3 + -3)/1 + 12?
11
Let a = 26 + -20. Suppose u + 140 = a*u. What is the remainder when u is divided by 15?
13
Let c = -19 + 14. Let i(q) = 2*q**2 + 10*q + 1. Suppose 4*d + a - 39 = -4*a, 0 = 5*d - 2*a - 24. What is the remainder when d is divided by i(c)?
0
Let x(i) = -i**2 + 32*i - 105. What is the remainder when x(16) is divided by 19?
18
Let w be 0/(-1) + 2 + -6. Calculate the remainder when (-2)/(w/11)*14 is divided by 16.
13
Let a be 5 + (-2)/((-2)/2). Let m = a + -5. Suppose -m*d + 46 = -4*w, -w + 4*w = -3*d + 42. Calculate the remainder when d is divided by 10.
7
What is the remainder when ((-22)/33)/(-5 - (-6058)/1212) is divided by 59?
50
Suppose -2*h = h - 15. Suppose 116 = 5*l + 2*o, 0*l = -4*l - 2*o + 94. What is the remainder when 5*(42/h - 0) is divided by l?
20
Let h = -2176 - -2180. Let j(a) = -a**2 + a - 1. Let s(n) = 11*n**2 - 2*n + 9. Let z(u) = 6*j(u) + s(u). What is the remainder when z(-2) is divided by h?
3
Calculate the remainder when 9/((-126)/707)*-1*2 is divided by 35.
31
Suppose 5 - 11 = -3*u. Suppose -2*d - 2*t = -12 + u, 3*t + 30 = 2*d. Calculate the remainder when 15 is divided by d.
6
Suppose -7*o = -91 - 231. Calculate the remainder when 88 is divided by o.
42
What is the remainder when 2*(-185)/(10/(-2)) is divided by 20?
14
Suppose 72*k = 22*k + 4600. What is the remainder when k is divided by 32?
28
Let d(k) = k**2 + 18*k + 62. Let o be d(-10). Calculate the remainder when 114 is divided by (-12)/o*(-123)/(-2) + -2.
36
Suppose 2*z = -82 - 2. Let s = z + 45. Calculate the remainder when (11/(-2))/((-1)/2) is divided by s.
2
Suppose -3*f - 3 + 12 = 0, 5*f = -4*i + 15. Suppose i = -2*g - 7 + 25. Let m(q) = 2*q + 2. What is the remainder when m(g) is divided by 7?
6
Let i = 10 + -13. Let n(h) = 2*h**2 - 4*h - 2. What is the remainder when 109 is divided by n(i)?
25
Let t(k) = k**2 + 6*k + 3. Let u be t(-6). Suppose 4*z + n = 43, 2*n + n = -z - u. Calculate the remainder when 24 is divided by (12/(-2))/(z/(-18)).
6
Suppose 0 = 2*g + 8, 5*v - 2*g = 15 + 13. Suppose v*s - 196 + 80 = 0. What is the remainder when s is divided by 15?
14
Let p(f) be the third derivative of -7*f**6/60 - f**5/20 - f**4/12 + 3*f**2. Calculate the remainder when 47 is divided by p(-1).
8
Let i(f) = f. Let z be i(-2). Let d(m) = 10*m. Let x be d(-4). What is the remainder when (x/(-32))/(z/(-40)) is divided by 13?
12
Calculate the remainder when 17 is divided by (10/9)/((-8)/9 + 1).
7
Suppose 4*x - 3*n + 2 = -0*x, -3*x - 7 = -5*n. Suppose -11 + x = i - 3*a, 0 = -4*i - 3*a + 35. What is the remainder when 7 is divided by i?
2
Let j = 65 + -52. What is the remainder when (-24)/(-60) + (-606)/(-10) is divided by j?
9
Let z be (-2)/5 + (-66)/(-15). Suppose -z*m + 28 = -56. Calculate the remainder when 41 is divided by m.
20
Let m = 18 + -9. Let k(r) = -r**3 - 8*r**2 + 41*r + 334. Calculate the remainder when m is divided by k(-8).
3
Let v(h) = -h + 27. What is the remainder when 877 is divided by v(-28)?
52
Suppose -27*i + 3520 = -11*i. Calculate the remainder when i is divided by 77.
66
Let x(h) = -h**3 + 16*h**2 + 3*h + 68. What is the remainder when 806 is divided by x(16)?
110
Let m = 4 - -58. Suppose n = 2*n. Suppose -p + 16 = -n*p. What is the remainder when m is divided by p?
14
Let w = 851 + 289. Suppose 0 = q - 2*u - 228, -5*q - u - u + w = 0. Suppose q = 4*v - v. Calculate the remainder when v is divided by 26.
24
Suppose 23 = -151*c + 152*c. What is the remainder when 111 is divided by c?
19
Let d = -132 - -41. What is the remainder when (-219)/(-13) + (-14)/d is divided by 4?
1
Suppose -x = t - 48, 5*x + 5*t - 134 = 2*x. What is the remainder when x is divided by 11 - 0*2/(-6)?
9
Let v(o) = -o**3 - 10*o**2 - 12*o + 4. Let f be v(-9). Let r(a) = -a**2 + 30*a + 45. What is the remainder when 79 is divided by r(f)?
9
Suppose 2*x - 286 - 132 = 0. Let l = x - 54. What is the remainder when l is divided by 39?
38
Suppose -6*b + 40 = -b. Suppose -2*h = -b + 2. Calculate the remainder when 19/h - 6/(-9) is divided by 6.
1
Let i(m) be the second derivative of m**4/6 - m**3/2 - 5*m**2/2 + m. Suppose 2*z - 26*z = -120. Calculate the remainder when i(4) is divided by z.
0
Let b(h) = -56*h - 278. What is the remainder when b(-6) is divided by -2 + 20 + -2 + 4?
18
Suppose 0 = a - 2 - 7. Suppose 0 = v + k - 58 - a, v - 76 = -4*k. Suppose 37 = 3*c - 4*f, 2*c = -f + 4 + 17. What is the remainder when v is divided by c?
9
Suppose -5 = 5*g, 3*g - 97 = -4*x - 0*x. Calculate the remainder when x is divided by 6.
1
Let h = -287 - -294. What is the remainder when 8 is divided by h?
1
Suppose 29*l = 30*l + r - 204, 15 = -3*r. What is the remainder when l is divided by 45?
29
Suppose 534 = 6*v + 456. What is the remainder when ((-11)/3)/(2/(-42)) is divided by v?
12
Let w(x) = x**2 + 28*x + 35. What is the remainder when 99 is divided by w(-28)?
29
Suppose -4*f = -3*o + 5*o - 290, 0 = 5*f. What is the remainder when o is divided by 3?
1
Let y = -1219 + 1747. Calculate the remainder when y is divided by 59.
56
Calculate the remainder when 116 is divided by (8/6)/(56/(-63) - -1).
8
Suppose -56*c = -24*c - 288. What is the remainder when 10 is divided by c?
1
Suppose 4*h - 320 = -4*r, 5*h - 4*r = -91 + 536. What is the remainder when h is divided by 26?
7
Let r = 1661 + -1647. What is the remainder when 127 is divided by r?
1
Suppose -238*h - 1518 = -249*h. Calculate the remainder when h is divided by 14.
12
Let a(d) = -d**2 + 13*d - 36. Let u be a(8). Suppose u*t + 2*w = 282, 3*t - 4*t = 2*w - 72. What is the remainder when t is divided by (8/(-3))/(6/(-27))?
10
Suppose -12*a + 2834 - 1742 = 0. What is the remainder when 337 is divided by a?
64
Suppose 106 = 2*u + 2*l, -93 = -4*u + 5*l + 101. Suppose -48*i + 4 + 524 = 0. What is the remainder when u is divided by i?
7
Let b(a) = 43*a - 1. Let w be b(1). Let y be ((-18)/w)/((-2)/14). Suppose -n + 43 = -y*r, 5*n + 4*r - 249 = 2*r. What is the remainder when n is divided by 25?
24
Suppose -115 = 5*t + 5*p, -2*p = t - 3*p + 31. What is the remainder when 75 is divided by -2*173/(-18) - (-6)/t?
18
Suppose -5*u = -2*d - 876, -4*u - 5*d + 423 = -258. Let w = u + -135. What is the remainder when 75 is divided by w?
36
Let f = -149 + 155. What is the remainder when 86 is divided by f?
2
Suppose 3*k = -2*k + 55. Suppose -271 = -6*u - 151. Calculate the remainder when u is divided by k.
9
Suppose 18*c = 2360 + 970. Calculate the remainder when c is divided by 91.
3
Suppose -9*b - 1380 = -14*b. Suppose -5*s + b = -s. Calculate the remainder when s is divided by 14.
13
Let z(h) = 2*h**2 - 1 + 4 + 4*h**2 - 4*h**2. Calculate the remainder when z(3) is divided by 8.
5
Suppose 0 = 5*g + 5*h, -g + 5*h = 1 - 19. Let z(k) = 3*k**2 - 9*k + 34. Calculate the remainder when z(g) is divided by 24.
10
Suppose -26 = -5*p + 39. Let u(b) = -2*b. Let y(v) = -9*v - 23. Let s(d) = 5*u(d) - y(d). What is the remainder when 29 is divided by s(p)?
9
Suppose 1049*r - 1089*r = -1280. What is the